{"id":424,"date":"2021-04-25T21:04:16","date_gmt":"2021-04-25T19:04:16","guid":{"rendered":"http:\/\/cmhhgte.cluster030.hosting.ovh.net\/?page_id=424"},"modified":"2021-05-06T21:46:13","modified_gmt":"2021-05-06T19:46:13","slug":"o-mnie-2","status":"publish","type":"page","link":"http:\/\/mkollmua.pl\/index.php\/o-mnie-2\/","title":{"rendered":"O mnie"},"content":{"rendered":"\t\t<div data-elementor-type=\"wp-page\" data-elementor-id=\"424\" class=\"elementor elementor-424\" data-elementor-settings=\"[]\">\n\t\t\t\t\t\t\t<div class=\"elementor-section-wrap\">\n\t\t\t\t\t\t\t<section class=\"elementor-section elementor-top-section elementor-element elementor-element-7cb3493 elementor-section-boxed elementor-section-height-default elementor-section-height-default\" data-id=\"7cb3493\" data-element_type=\"section\">\n\t\t\t\t\t\t<div class=\"elementor-container elementor-column-gap-default\">\n\t\t\t\t\t<div class=\"elementor-column elementor-col-100 elementor-top-column elementor-element elementor-element-a6611b8\" data-id=\"a6611b8\" data-element_type=\"column\">\n\t\t\t<div class=\"elementor-widget-wrap elementor-element-populated\">\n\t\t\t\t\t\t\t\t<div class=\"elementor-element elementor-element-1e3ff98 elementor-widget elementor-widget-spacer\" data-id=\"1e3ff98\" data-element_type=\"widget\" data-widget_type=\"spacer.default\">\n\t\t\t\t<div class=\"elementor-widget-container\">\n\t\t\t\t\t<div class=\"elementor-spacer\">\n\t\t\t<div class=\"elementor-spacer-inner\"><\/div>\n\t\t<\/div>\n\t\t\t\t<\/div>\n\t\t\t\t<\/div>\n\t\t\t\t\t<\/div>\n\t\t<\/div>\n\t\t\t\t\t\t\t<\/div>\n\t\t<\/section>\n\t\t\t\t<section class=\"elementor-section elementor-top-section elementor-element elementor-element-ddda20c elementor-section-boxed elementor-section-height-default elementor-section-height-default\" data-id=\"ddda20c\" data-element_type=\"section\">\n\t\t\t\t\t\t<div class=\"elementor-container elementor-column-gap-default\">\n\t\t\t\t\t<div class=\"elementor-column elementor-col-100 elementor-top-column elementor-element elementor-element-f271a4d\" data-id=\"f271a4d\" data-element_type=\"column\">\n\t\t\t<div class=\"elementor-widget-wrap elementor-element-populated\">\n\t\t\t\t\t\t\t\t<div class=\"elementor-element elementor-element-4780faa elementor-widget elementor-widget-heading\" data-id=\"4780faa\" data-element_type=\"widget\" data-widget_type=\"heading.default\">\n\t\t\t\t<div class=\"elementor-widget-container\">\n\t\t\t<h2 class=\"elementor-heading-title elementor-size-large\">MA\u0141GORZATA KOLL MAKE UP ARTIST<\/h2>\t\t<\/div>\n\t\t\t\t<\/div>\n\t\t\t\t<div class=\"elementor-element elementor-element-6e93171 elementor-widget elementor-widget-heading\" data-id=\"6e93171\" data-element_type=\"widget\" data-widget_type=\"heading.default\">\n\t\t\t\t<div class=\"elementor-widget-container\">\n\t\t\t<h2 class=\"elementor-heading-title elementor-size-medium\">O MNIE<\/h2>\t\t<\/div>\n\t\t\t\t<\/div>\n\t\t\t\t<div class=\"elementor-element elementor-element-a19cf18 elementor-widget-divider--view-line elementor-widget elementor-widget-divider\" data-id=\"a19cf18\" data-element_type=\"widget\" data-settings=\"{&quot;_animation&quot;:&quot;none&quot;}\" data-widget_type=\"divider.default\">\n\t\t\t\t<div class=\"elementor-widget-container\">\n\t\t\t\t\t<div class=\"elementor-divider\">\n\t\t\t<span class=\"elementor-divider-separator\">\n\t\t\t\t\t\t<\/span>\n\t\t<\/div>\n\t\t\t\t<\/div>\n\t\t\t\t<\/div>\n\t\t\t\t<div class=\"elementor-element elementor-element-abe5016 elementor-widget elementor-widget-spacer\" data-id=\"abe5016\" data-element_type=\"widget\" data-widget_type=\"spacer.default\">\n\t\t\t\t<div class=\"elementor-widget-container\">\n\t\t\t\t\t<div class=\"elementor-spacer\">\n\t\t\t<div class=\"elementor-spacer-inner\"><\/div>\n\t\t<\/div>\n\t\t\t\t<\/div>\n\t\t\t\t<\/div>\n\t\t\t\t\t<\/div>\n\t\t<\/div>\n\t\t\t\t\t\t\t<\/div>\n\t\t<\/section>\n\t\t\t\t<section class=\"elementor-section elementor-top-section elementor-element elementor-element-a47dd03 elementor-hidden-desktop elementor-hidden-tablet elementor-section-boxed elementor-section-height-default elementor-section-height-default\" data-id=\"a47dd03\" data-element_type=\"section\">\n\t\t\t\t\t\t<div class=\"elementor-container elementor-column-gap-default\">\n\t\t\t\t\t<div class=\"elementor-column elementor-col-100 elementor-top-column elementor-element elementor-element-21898d3\" data-id=\"21898d3\" data-element_type=\"column\">\n\t\t\t<div class=\"elementor-widget-wrap elementor-element-populated\">\n\t\t\t\t\t\t\t\t<div class=\"elementor-element elementor-element-4ddcc48 elementor-widget elementor-widget-image\" data-id=\"4ddcc48\" data-element_type=\"widget\" data-widget_type=\"image.default\">\n\t\t\t\t<div class=\"elementor-widget-container\">\n\t\t\t\t\t\t\t\t\t\t\t\t\t\t\t<img width=\"600\" height=\"800\" src=\"http:\/\/mkollmua.pl\/wp-content\/uploads\/2021\/04\/MKoll-gray.jpg\" class=\"attachment-full size-full\" alt=\"\" loading=\"lazy\" srcset=\"http:\/\/mkollmua.pl\/wp-content\/uploads\/2021\/04\/MKoll-gray.jpg 600w, http:\/\/mkollmua.pl\/wp-content\/uploads\/2021\/04\/MKoll-gray-225x300.jpg 225w\" sizes=\"(max-width: 600px) 100vw, 600px\" \/>\t\t\t\t\t\t\t\t\t\t\t\t\t\t\t<\/div>\n\t\t\t\t<\/div>\n\t\t\t\t<div class=\"elementor-element elementor-element-6a5642d elementor-widget elementor-widget-spacer\" data-id=\"6a5642d\" data-element_type=\"widget\" data-widget_type=\"spacer.default\">\n\t\t\t\t<div class=\"elementor-widget-container\">\n\t\t\t\t\t<div class=\"elementor-spacer\">\n\t\t\t<div class=\"elementor-spacer-inner\"><\/div>\n\t\t<\/div>\n\t\t\t\t<\/div>\n\t\t\t\t<\/div>\n\t\t\t\t<div class=\"elementor-element elementor-element-313782a elementor-align-center elementor-widget elementor-widget-button\" data-id=\"313782a\" data-element_type=\"widget\" data-widget_type=\"button.default\">\n\t\t\t\t<div class=\"elementor-widget-container\">\n\t\t\t\t\t<div class=\"elementor-button-wrapper\">\n\t\t\t<a href=\"http:\/\/cmhhgte.cluster030.hosting.ovh.net\/\" class=\"elementor-button-link elementor-button elementor-size-sm elementor-animation-grow\" role=\"button\">\n\t\t\t\t\t\t<span class=\"elementor-button-content-wrapper\">\n\t\t\t\t\t\t<span class=\"elementor-button-text\">Moje portfolio<\/span>\n\t\t<\/span>\n\t\t\t\t\t<\/a>\n\t\t<\/div>\n\t\t\t\t<\/div>\n\t\t\t\t<\/div>\n\t\t\t\t<div class=\"elementor-element elementor-element-5d2c014 elementor-shape-circle elementor-grid-0 e-grid-align-center elementor-widget elementor-widget-social-icons\" data-id=\"5d2c014\" data-element_type=\"widget\" data-widget_type=\"social-icons.default\">\n\t\t\t\t<div class=\"elementor-widget-container\">\n\t\t\t\t\t<div class=\"elementor-social-icons-wrapper elementor-grid\">\n\t\t\t\t\t\t\t<div class=\"elementor-grid-item\">\n\t\t\t\t\t<a class=\"elementor-icon elementor-social-icon elementor-social-icon-facebook elementor-animation-grow elementor-repeater-item-dfe4640\" href=\"http:\/\/www.facebook.com\/mkollmua\/\" target=\"_blank\">\n\t\t\t\t\t\t<span class=\"elementor-screen-only\">Facebook<\/span>\n\t\t\t\t\t\t<i class=\"fab fa-facebook\"><\/i>\t\t\t\t\t<\/a>\n\t\t\t\t<\/div>\n\t\t\t\t\t\t\t<div class=\"elementor-grid-item\">\n\t\t\t\t\t<a class=\"elementor-icon elementor-social-icon elementor-social-icon-instagram elementor-animation-grow elementor-repeater-item-5b4714d\" href=\"http:\/\/www.instagram.com\/mkoll.mua\/\" target=\"_blank\">\n\t\t\t\t\t\t<span class=\"elementor-screen-only\">Instagram<\/span>\n\t\t\t\t\t\t<i class=\"fab fa-instagram\"><\/i>\t\t\t\t\t<\/a>\n\t\t\t\t<\/div>\n\t\t\t\t\t\t\t<div class=\"elementor-grid-item\">\n\t\t\t\t\t<a class=\"elementor-icon elementor-social-icon elementor-social-icon-envelope elementor-animation-grow elementor-repeater-item-161ce32\" href=\"http:\/\/mkoll.mua@gmail.com\" target=\"_blank\">\n\t\t\t\t\t\t<span class=\"elementor-screen-only\">Envelope<\/span>\n\t\t\t\t\t\t<i class=\"fas fa-envelope\"><\/i>\t\t\t\t\t<\/a>\n\t\t\t\t<\/div>\n\t\t\t\t\t<\/div>\n\t\t\t\t<\/div>\n\t\t\t\t<\/div>\n\t\t\t\t\t<\/div>\n\t\t<\/div>\n\t\t\t\t\t\t\t<\/div>\n\t\t<\/section>\n\t\t\t\t<section class=\"elementor-section elementor-top-section elementor-element elementor-element-8d467df elementor-hidden-desktop elementor-hidden-tablet elementor-section-boxed elementor-section-height-default elementor-section-height-default\" data-id=\"8d467df\" data-element_type=\"section\">\n\t\t\t\t\t\t<div class=\"elementor-container elementor-column-gap-default\">\n\t\t\t\t\t<div class=\"elementor-column elementor-col-100 elementor-top-column elementor-element elementor-element-364ef8d\" data-id=\"364ef8d\" data-element_type=\"column\">\n\t\t\t<div class=\"elementor-widget-wrap elementor-element-populated\">\n\t\t\t\t\t\t\t\t<div class=\"elementor-element elementor-element-f1892bb elementor-widget-divider--view-line elementor-widget elementor-widget-divider\" data-id=\"f1892bb\" data-element_type=\"widget\" data-settings=\"{&quot;_animation&quot;:&quot;none&quot;}\" data-widget_type=\"divider.default\">\n\t\t\t\t<div class=\"elementor-widget-container\">\n\t\t\t\t\t<div class=\"elementor-divider\">\n\t\t\t<span class=\"elementor-divider-separator\">\n\t\t\t\t\t\t<\/span>\n\t\t<\/div>\n\t\t\t\t<\/div>\n\t\t\t\t<\/div>\n\t\t\t\t<div class=\"elementor-element elementor-element-275906d elementor-widget elementor-widget-text-editor\" data-id=\"275906d\" data-element_type=\"widget\" data-widget_type=\"text-editor.default\">\n\t\t\t\t<div class=\"elementor-widget-container\">\n\t\t\t\t\t\t\t\t<p style=\"text-align: justify;\">Witaj! Nazywam si\u0119 Ma\u0142gorzata Koll i z przyjemno\u015bci\u0105 oprowadz\u0119 Ci\u0119 po moim \u015bwiecie. Wiza\u017c to nie tylko moja praca, ale r\u00f3wnie\u017c pasja, kt\u00f3r\u0105 uwielbiam dzieli\u0107 si\u0119 z innymi dlatego wk\u0142adam w to ca\u0142e moje serce.<\/p><p style=\"text-align: justify;\">Jako Make up Artist stawiam przede wszystkim na jako\u015b\u0107 produkt\u00f3w i pracy oraz zadowolenie moich klient\u00f3w. Pracuj\u0119 na kosmetykach najlepszych marek takich jak Estee Lauder, Dior, Mac, Too Faced, Anastasia Beverly Hills, Affect, Fenty Beauty, Lancome, Benefit, Becca i wielu innych.<\/p><p style=\"text-align: justify;\">W 2019 roku zdoby\u0142am dyplom wiza\u017cysty ko\u0144cz\u0105c jedn\u0105 z najlepszych szk\u00f3\u0142 wiza\u017cu w Polsce i aktywnie realizuj\u0119 si\u0119 w swoim zawodzie. W 2020 roku wzi\u0119\u0142am udzia\u0142 w pierwszym w Polsce programie telewizyjnym o tematyce wiza\u017cu i charakteryzacji \u201eBeauty Express. Mistrzynie makija\u017cu\u201d i zaj\u0119\u0142am pierwsze miejsce zdobywaj\u0105c nagrod\u0119 g\u0142\u00f3wn\u0105.<\/p><p style=\"text-align: justify;\">Na co dzie\u0144 wsp\u00f3\u0142pracuj\u0119 z klientami indywidualnymi tworz\u0105c wymarzone makija\u017ce \u015blubne, okoliczno\u015bciowe, studni\u00f3wkowe, dzienne czy biznesowe. Makija\u017c zawsze dobieram do Twojego typu urody, stylizacji i wydarzenia tak, aby ca\u0142o\u015b\u0107 by\u0142a sp\u00f3jna i jak najlepiej podkre\u015bla\u0142a Twoj\u0105 urod\u0119. Zapraszam r\u00f3wnie\u017c na prywatne lekcje makija\u017cu na w\u0142asny u\u017cytek gdzie poka\u017c\u0119 Ci jak dobiera\u0107 podk\u0142ad i korektor, jak zrobi\u0107 makija\u017c do pracy, a nast\u0119pnie zamieni\u0107 go w \u0142atwy spos\u00f3b na wieczorowy czy np. jak optycznie powi\u0119kszy\u0107 usta.<\/p><p style=\"text-align: justify;\">Pracuj\u0119 r\u00f3wnie\u017c z klientami komercyjnymi, przy sesjach zdj\u0119ciowych, na planach TV, przy produkcji reklam, teledysk\u00f3w, na wydarzeniach masowych czy koncertach. Wsp\u00f3\u0142pracowa\u0142am przy tworzeniu program\u00f3w dla stacji Polsat Cafe i Super Polsat oraz z Moon Media, PZU, Headwear Polska, Amic Energy, Kotlina Natury czy CMKP.<\/p><p style=\"text-align: justify;\">Zapraszam serdecznie do kontaktu, z przyjemno\u015bci\u0105 doradz\u0119 i odpowiem na wszelkie pytania.<\/p><p style=\"text-align: justify;\">Do zobaczenia !<\/p>\t\t\t\t\t\t<\/div>\n\t\t\t\t<\/div>\n\t\t\t\t\t<\/div>\n\t\t<\/div>\n\t\t\t\t\t\t\t<\/div>\n\t\t<\/section>\n\t\t\t\t<section class=\"elementor-section elementor-top-section elementor-element elementor-element-724e3e9 elementor-hidden-phone elementor-section-boxed elementor-section-height-default elementor-section-height-default\" data-id=\"724e3e9\" data-element_type=\"section\">\n\t\t\t\t\t\t<div class=\"elementor-container elementor-column-gap-default\">\n\t\t\t\t\t<div class=\"elementor-column elementor-col-66 elementor-top-column elementor-element elementor-element-cdf2c29\" data-id=\"cdf2c29\" data-element_type=\"column\">\n\t\t\t<div class=\"elementor-widget-wrap elementor-element-populated\">\n\t\t\t\t\t\t\t\t<div class=\"elementor-element elementor-element-3e85f9b elementor-widget elementor-widget-text-editor\" data-id=\"3e85f9b\" data-element_type=\"widget\" data-widget_type=\"text-editor.default\">\n\t\t\t\t<div class=\"elementor-widget-container\">\n\t\t\t\t\t\t\t\t<p style=\"text-align: justify;\">Witaj! Nazywam si\u0119 Ma\u0142gorzata Koll i z przyjemno\u015bci\u0105 oprowadz\u0119 Ci\u0119 po moim \u015bwiecie. Wiza\u017c to nie tylko moja praca, ale r\u00f3wnie\u017c pasja, kt\u00f3r\u0105 uwielbiam dzieli\u0107 si\u0119 z innymi dlatego wk\u0142adam w to ca\u0142e moje serce.<\/p><p style=\"text-align: justify;\">Jako Make up Artist stawiam przede wszystkim na jako\u015b\u0107 produkt\u00f3w i pracy oraz zadowolenie moich klient\u00f3w. Pracuj\u0119 na kosmetykach najlepszych marek takich jak Estee Lauder, Dior, Mac, Too Faced, Anastasia Beverly Hills, Affect, Fenty Beauty, Lancome, Benefit, Becca i wielu innych.<\/p><p style=\"text-align: justify;\">W 2019 roku zdoby\u0142am dyplom wiza\u017cysty ko\u0144cz\u0105c jedn\u0105 z najlepszych szk\u00f3\u0142 wiza\u017cu w Polsce i aktywnie realizuj\u0119 si\u0119 w swoim zawodzie. W 2020 roku wzi\u0119\u0142am udzia\u0142 w pierwszym w Polsce programie telewizyjnym o tematyce wiza\u017cu i charakteryzacji \u201eBeauty Express. Mistrzynie makija\u017cu\u201d i zaj\u0119\u0142am pierwsze miejsce zdobywaj\u0105c nagrod\u0119 g\u0142\u00f3wn\u0105.<\/p><p style=\"text-align: justify;\">Na co dzie\u0144 wsp\u00f3\u0142pracuj\u0119 z klientami indywidualnymi tworz\u0105c wymarzone makija\u017ce \u015blubne, okoliczno\u015bciowe, studni\u00f3wkowe, dzienne czy biznesowe. Makija\u017c zawsze dobieram do Twojego typu urody, stylizacji i wydarzenia tak, aby ca\u0142o\u015b\u0107 by\u0142a sp\u00f3jna i jak najlepiej podkre\u015bla\u0142a Twoj\u0105 urod\u0119. Zapraszam r\u00f3wnie\u017c na prywatne lekcje makija\u017cu na w\u0142asny u\u017cytek gdzie poka\u017c\u0119 Ci jak dobiera\u0107 podk\u0142ad i korektor, jak zrobi\u0107 makija\u017c do pracy, a nast\u0119pnie zamieni\u0107 go w \u0142atwy spos\u00f3b na wieczorowy czy np. jak optycznie powi\u0119kszy\u0107 usta.<\/p><p style=\"text-align: justify;\">Pracuj\u0119 r\u00f3wnie\u017c z klientami komercyjnymi, przy sesjach zdj\u0119ciowych, na planach TV, przy produkcji reklam, teledysk\u00f3w, na wydarzeniach masowych czy koncertach. Wsp\u00f3\u0142pracowa\u0142am przy tworzeniu program\u00f3w dla stacji Polsat Cafe i Super Polsat oraz z Moon Media, PZU, Headwear Polska, Amic Energy, Kotlina Natury czy CMKP.<\/p><p style=\"text-align: justify;\">Zapraszam serdecznie do kontaktu, z przyjemno\u015bci\u0105 doradz\u0119 i odpowiem na wszelkie pytania.<\/p><p style=\"text-align: justify;\">Do zobaczenia !<\/p>\t\t\t\t\t\t<\/div>\n\t\t\t\t<\/div>\n\t\t\t\t\t<\/div>\n\t\t<\/div>\n\t\t\t\t<div class=\"elementor-column elementor-col-33 elementor-top-column elementor-element elementor-element-353e931\" data-id=\"353e931\" data-element_type=\"column\">\n\t\t\t<div class=\"elementor-widget-wrap elementor-element-populated\">\n\t\t\t\t\t\t\t\t<div class=\"elementor-element elementor-element-bcdc44c elementor-widget elementor-widget-image\" data-id=\"bcdc44c\" data-element_type=\"widget\" data-widget_type=\"image.default\">\n\t\t\t\t<div class=\"elementor-widget-container\">\n\t\t\t\t\t\t\t\t\t\t\t\t\t\t\t<img width=\"600\" height=\"800\" src=\"http:\/\/mkollmua.pl\/wp-content\/uploads\/2021\/04\/MKoll-gray.jpg\" class=\"attachment-full size-full\" alt=\"\" loading=\"lazy\" srcset=\"http:\/\/mkollmua.pl\/wp-content\/uploads\/2021\/04\/MKoll-gray.jpg 600w, http:\/\/mkollmua.pl\/wp-content\/uploads\/2021\/04\/MKoll-gray-225x300.jpg 225w\" sizes=\"(max-width: 600px) 100vw, 600px\" \/>\t\t\t\t\t\t\t\t\t\t\t\t\t\t\t<\/div>\n\t\t\t\t<\/div>\n\t\t\t\t<div class=\"elementor-element elementor-element-26578d0 elementor-align-center elementor-widget elementor-widget-button\" data-id=\"26578d0\" data-element_type=\"widget\" data-widget_type=\"button.default\">\n\t\t\t\t<div class=\"elementor-widget-container\">\n\t\t\t\t\t<div class=\"elementor-button-wrapper\">\n\t\t\t<a href=\"http:\/\/cmhhgte.cluster030.hosting.ovh.net\/\" class=\"elementor-button-link elementor-button elementor-size-sm elementor-animation-grow\" role=\"button\">\n\t\t\t\t\t\t<span class=\"elementor-button-content-wrapper\">\n\t\t\t\t\t\t<span class=\"elementor-button-text\">Moje portfolio<\/span>\n\t\t<\/span>\n\t\t\t\t\t<\/a>\n\t\t<\/div>\n\t\t\t\t<\/div>\n\t\t\t\t<\/div>\n\t\t\t\t<div class=\"elementor-element elementor-element-8480f20 elementor-shape-circle elementor-grid-0 e-grid-align-center elementor-widget elementor-widget-social-icons\" data-id=\"8480f20\" data-element_type=\"widget\" data-widget_type=\"social-icons.default\">\n\t\t\t\t<div class=\"elementor-widget-container\">\n\t\t\t\t\t<div class=\"elementor-social-icons-wrapper elementor-grid\">\n\t\t\t\t\t\t\t<div class=\"elementor-grid-item\">\n\t\t\t\t\t<a class=\"elementor-icon elementor-social-icon elementor-social-icon-facebook elementor-animation-grow elementor-repeater-item-dfe4640\" href=\"http:\/\/www.facebook.com\/mkollmua\/\" target=\"_blank\">\n\t\t\t\t\t\t<span class=\"elementor-screen-only\">Facebook<\/span>\n\t\t\t\t\t\t<i class=\"fab fa-facebook\"><\/i>\t\t\t\t\t<\/a>\n\t\t\t\t<\/div>\n\t\t\t\t\t\t\t<div class=\"elementor-grid-item\">\n\t\t\t\t\t<a class=\"elementor-icon elementor-social-icon elementor-social-icon-instagram elementor-animation-grow elementor-repeater-item-5b4714d\" href=\"http:\/\/www.instagram.com\/mkoll.mua\/\" target=\"_blank\">\n\t\t\t\t\t\t<span class=\"elementor-screen-only\">Instagram<\/span>\n\t\t\t\t\t\t<i class=\"fab fa-instagram\"><\/i>\t\t\t\t\t<\/a>\n\t\t\t\t<\/div>\n\t\t\t\t\t\t\t<div class=\"elementor-grid-item\">\n\t\t\t\t\t<a class=\"elementor-icon elementor-social-icon elementor-social-icon-envelope elementor-animation-grow elementor-repeater-item-161ce32\" href=\"http:\/\/mkoll.mua@gmail.com\" target=\"_blank\">\n\t\t\t\t\t\t<span class=\"elementor-screen-only\">Envelope<\/span>\n\t\t\t\t\t\t<i class=\"fas fa-envelope\"><\/i>\t\t\t\t\t<\/a>\n\t\t\t\t<\/div>\n\t\t\t\t\t<\/div>\n\t\t\t\t<\/div>\n\t\t\t\t<\/div>\n\t\t\t\t\t<\/div>\n\t\t<\/div>\n\t\t\t\t\t\t\t<\/div>\n\t\t<\/section>\n\t\t\t\t<section class=\"elementor-section elementor-top-section elementor-element elementor-element-c28d49e elementor-section-boxed elementor-section-height-default elementor-section-height-default\" data-id=\"c28d49e\" data-element_type=\"section\">\n\t\t\t\t\t\t<div class=\"elementor-container elementor-column-gap-default\">\n\t\t\t\t\t<div class=\"elementor-column elementor-col-100 elementor-top-column elementor-element elementor-element-3cca035\" data-id=\"3cca035\" data-element_type=\"column\">\n\t\t\t<div class=\"elementor-widget-wrap elementor-element-populated\">\n\t\t\t\t\t\t\t\t<div class=\"elementor-element elementor-element-812d92f elementor-widget elementor-widget-spacer\" data-id=\"812d92f\" data-element_type=\"widget\" data-widget_type=\"spacer.default\">\n\t\t\t\t<div class=\"elementor-widget-container\">\n\t\t\t\t\t<div class=\"elementor-spacer\">\n\t\t\t<div class=\"elementor-spacer-inner\"><\/div>\n\t\t<\/div>\n\t\t\t\t<\/div>\n\t\t\t\t<\/div>\n\t\t\t\t\t<\/div>\n\t\t<\/div>\n\t\t\t\t\t\t\t<\/div>\n\t\t<\/section>\n\t\t\t\t\t\t<\/div>\n\t\t\t\t\t<\/div>\n\t\t","protected":false},"excerpt":{"rendered":"<p>MA\u0141GORZATA KOLL MAKE UP ARTIST O MNIE Moje portfolio Facebook Instagram Envelope Witaj! Nazywam si\u0119 Ma\u0142gorzata Koll i z przyjemno\u015bci\u0105 oprowadz\u0119 Ci\u0119 po moim \u015bwiecie. Wiza\u017c to nie tylko moja praca, ale r\u00f3wnie\u017c pasja, kt\u00f3r\u0105 uwielbiam dzieli\u0107 si\u0119 z innymi dlatego wk\u0142adam w to ca\u0142e moje serce. Jako Make up Artist stawiam przede wszystkim na [&hellip;]<\/p>\n","protected":false},"author":1,"featured_media":0,"parent":0,"menu_order":0,"comment_status":"closed","ping_status":"closed","template":"elementor_header_footer","meta":[],"_links":{"self":[{"href":"http:\/\/mkollmua.pl\/index.php\/wp-json\/wp\/v2\/pages\/424"}],"collection":[{"href":"http:\/\/mkollmua.pl\/index.php\/wp-json\/wp\/v2\/pages"}],"about":[{"href":"http:\/\/mkollmua.pl\/index.php\/wp-json\/wp\/v2\/types\/page"}],"author":[{"embeddable":true,"href":"http:\/\/mkollmua.pl\/index.php\/wp-json\/wp\/v2\/users\/1"}],"replies":[{"embeddable":true,"href":"http:\/\/mkollmua.pl\/index.php\/wp-json\/wp\/v2\/comments?post=424"}],"version-history":[{"count":312,"href":"http:\/\/mkollmua.pl\/index.php\/wp-json\/wp\/v2\/pages\/424\/revisions"}],"predecessor-version":[{"id":1148,"href":"http:\/\/mkollmua.pl\/index.php\/wp-json\/wp\/v2\/pages\/424\/revisions\/1148"}],"wp:attachment":[{"href":"http:\/\/mkollmua.pl\/index.php\/wp-json\/wp\/v2\/media?parent=424"}],"curies":[{"name":"wp","href":"https:\/\/api.w.org\/{rel}","templated":true}]}}